pose o - p + 0 = 0. Suppose -3*s - 4*u + 16 + 46 = 0, -s + 5*u = -o. What are the prime factors of s?
2, 3
List the prime factors of (-1603)/49*-7*15.
3, 5, 229
Let f = 50 - 40. Suppose f*p = 8*p + 258. What are the prime factors of p?
3, 43
Let r = 2 - -11. Let o = -12 + r. Let b = 6 - o. List the prime factors of b.
5
Let a(i) = i. Let k be a(0). Suppose -n - n + 180 = k. What are the prime factors of n*((-12)/(-10))/3?
2, 3
Let t(h) = 3*h**2 - 12*h - 12. Let y(v) = 10*v**2 - 36*v - 35. Let u(j) = 7*t(j) - 2*y(j). List the prime factors of u(17).
71
Let m(i) = i**3 + 5*i**2 - i - 4. Let d be ((-45)/(-30))/((-3)/8). List the prime factors of m(d).
2
Let c = -58 + 62. Suppose 6*m + c = 436. What are the prime factors of m?
2, 3
Suppose -3*v + 50 = 5*l + 2*v, -5 = l - 2*v. Suppose 3*k = -l*b + 440, 0*b + 3*k = -b + 100. What are the prime factors of b?
5, 17
Suppose 0 = 30*p - 19080 + 3390. List the prime factors of p.
523
Let j = -8 - -10. Suppose 5*b = -m + 20, 2*m - 9 = -j*b - 1. Let r = m + 14. What are the prime factors of r?
2, 7
Suppose -c - 5*w - 3 + 7 = 0, -3*w - 18 = 4*c. Let j be 564/(-8)*4/c. Let h = 66 - j. List the prime factors of h.
19
List the prime factors of (513 - 6) + 5 + -3*2.
2, 11, 23
Suppose 152 = -c - 4*s, -c + 3*s - 208 = -56. What are the prime factors of (c/10)/(15/(-75))?
2, 19
Suppose 5*j = -9 + 59. Let r(s) = s**2 - 7*s - 17. List the prime factors of r(j).
13
Let p be ((-3540)/(-25))/(3/130). What are the prime factors of p/65 + (-2)/5?
2, 47
Let b = -20 + 146. Let u = -68 + b. List the prime factors of u.
2, 29
Let m be (-54)/(-24) - (-2)/(-8). Let s(c) = c**2 + 19*c**2 - 10*c**2 - 2*c - 2*c - m. List the prime factors of s(2).
2, 3, 5
Let d = 307 - -275. List the prime factors of d.
2, 3, 97
Let i = -111 - -164. Let b = i - -34. What are the prime factors of b?
3, 29
Let t = -1100 + 4335. List the prime factors of t.
5, 647
Suppose -2*v - 8 = -98. Let m = 68 - v. What are the prime factors of m?
23
Let r(z) be the first derivative of z**4 - 5*z**3/3 + 7*z + 20. List the prime factors of r(4).
3, 61
Suppose -4*v + 192 = 6*t - 2*t, 5*t - 3*v = 200. Let b = 120 - t. List the prime factors of b.
7, 11
Let t(q) = 58*q + 250. List the prime factors of t(26).
2, 3, 293
Let z(q) = -q**3 - 32*q**2 + 190*q + 5. List the prime factors of z(-38).
3, 7, 23
Let h(t) = -2*t - 17. Let l be ((-4)/(-10))/((-14)/700). List the prime factors of h(l).
23
Let t(a) = 2*a**2 + 2*a. Suppose 0*b = 4*b - 20. Suppose 0*q = -b*q - 10. What are the prime factors of t(q)?
2
Let i be ((-160)/(-240))/((5/(-6))/(-5)). Suppose -2*o - 5*r - 21 = 0, 13 = i*o + r - 2*r. What are the prime factors of o?
2
Suppose 2*h + 3379 = 3*f, -3*f - 6*h + 2*h = -3367. What are the prime factors of f?
3, 5
Let q = 65 - 109. Suppose 5*p - 221 = -0*z - 3*z, z = -2*p + 73. Let d = z + q. What are the prime factors of d?
3, 11
Let z = 21 + -19. Suppose 5*t - z*t - 24 = 0. Let p(u) = 6*u + 2. What are the prime factors of p(t)?
2, 5
Let g(a) = -a - 20. Let z be g(-12). Let q(w) = -3*w - 15. Let b be q(z). Suppose -4*j - b = -65. List the prime factors of j.
2, 7
Let w be (-12)/(-10)*15/6. Let s = w + -3. Suppose -3*z = 2*x - 71, s = x + 4*z - 3 - 35. What are the prime factors of x?
2, 17
Suppose g = -3*k - 0 + 10, k - 14 = 5*g. Suppose -k*b + 3*b = 4*z - 113, -2*b + z + 190 = 0. What are the prime factors of b?
97
Suppose 0 = -5*p + 5*a - 735, 3*p + 4*a = a - 435. Let v = -37 - p. What are the prime factors of v?
109
Suppose -2*a + 3*a = 2, s + a - 6 = 0. Suppose -235 = -s*t + 365. List the prime factors of t.
2, 3, 5
Let j be (-5 - -6)*2/(-3)*-219. Let k be 3 + 1*-91 + 1. Let t = k + j. What are the prime factors of t?
59
Suppose 5*i - 2*q = 5535, -i = -2*i + q + 1110. List the prime factors of i.
5, 13, 17
Let h = 1257 - -472. What are the prime factors of h?
7, 13, 19
Let v(q) = 6*q + 14. What are the prime factors of v(16)?
2, 5, 11
Let f(g) = 5*g**2 + 10*g + 18. Let i be f(-6). Let k = i + -108. What are the prime factors of k?
2, 3, 5
What are the prime factors of (-16)/(10/(-1003 - -3))?
2, 5
Let l = -50 - -59. Suppose -279 = -l*h - 0*h. List the prime factors of h.
31
Suppose -3*o - 4*o = -28. Suppose -o*p - 1 = -3*k, 0 = -3*p - 3*k + 1 - 28. Let z(t) = -t**3 - 4*t**2 - 5*t. What are the prime factors of z(p)?
2, 5
Suppose 7*f + 19373 - 55108 = 0. List the prime factors of f.
5, 1021
Let j = -13 - -7. What are the prime factors of ((-776)/12)/(4/j)?
97
Suppose 0 = 3*s + 18 + 12. What are the prime factors of (-1010)/s + (1 + 0 - 0)?
2, 3, 17
Suppose -5*r = -10*r + 415. Suppose 5*q = -r + 483. Suppose 2*d - q = k - 5*k, 0 = -d + 4. What are the prime factors of k?
2, 3
Let y be 54/(-5) + 3/(-15). Let s = y - -9. List the prime factors of 6 - -2*(-1)/s.
7
What are the prime factors of 10493/7 + -3 + -2 + -1?
1493
Let g be 0/((-1 - 0)*2). Let i be (g - 2)/((-8)/244). Let u = 108 - i. List the prime factors of u.
47
Let r be 5/10*2 - 0. Let l(s) = 65*s**3 + 2*s**2 - 3*s + 1. List the prime factors of l(r).
5, 13
Suppose 14830 = -499*m + 509*m. List the prime factors of m.
1483
Let v(n) be the third derivative of -49*n**6/60 + n**5/60 + n**4/12 + n**3/3 + 28*n**2. List the prime factors of v(-1).
3, 11
Let t(b) = -b**3 + 11*b**2 - 6*b - 12. Let a be t(9). Let u = 214 + a. What are the prime factors of u?
2, 5, 31
Suppose -i - 14 = -5*r - 62, -3*r + 268 = 5*i. Let y = 98 - i. What are the prime factors of y?
3, 5
Suppose -4*f = -k - 379, 12*k = 4*f + 9*k - 385. What are the prime factors of f?
2, 47
Suppose 107 = -5*u - 13. What are the prime factors of 58 + u/(-6) - -3?
5, 13
Suppose -23 = 3*a + 5*y, -4 - 12 = 4*a + 3*y. List the prime factors of (-4 - -5)/(48/(-51) - a).
17
Suppose -4*f = -v - 6 + 23, 5*v + f - 22 = 0. List the prime factors of 6/((-15)/(-850)*v).
2, 17
Let p(l) = 5*l - 4*l + 4 + 2*l**2 + 4*l. Let g be p(-2). List the prime factors of 1/g - (-36)/8.
5
Let u = -12 + -18. Let z = -16 - u. Suppose -42 = -2*w + z. List the prime factors of w.
2, 7
What are the prime factors of (3 + 0 + -11)*(-382)/8?
2, 191
Let r(w) = -42*w + 51. Let n be r(8). Let i = n - -442. List the prime factors of i.
157
Let r = 4767 + -2301. What are the prime factors of r?
2, 3, 137
Let v = 1262 + -877. List the prime factors of v.
5, 7, 11
Let o(x) = 3*x**3 - 7*x**2 + 5*x - 32. What are the prime factors of o(6)?
2, 197
Suppose -8 = 2*k, 5*k - 2 + 4 = -3*f. Suppose 10*v - f*v - 348 = 0. List the prime factors of v.
3, 29
List the prime factors of (-1)/(((-3)/3087)/1).
3, 7
Let l(m) = 21*m + 11. Let h be l(6). Suppose -5*a + 443 = -h. List the prime factors of a.
2, 29
Suppose q + 177 = 4*q. Let d = q + 6. What are the prime factors of d?
5, 13
What are the prime factors of -1 + 9 + 710 + 9?
727
Let u(a) = 4*a**3 + 19*a**2 - 241*a + 9. List the prime factors of u(8).
5, 269
Let y(q) = 3*q**3 + 3*q**2 - q - 6. Let s(t) = t**3 - t**2 + t - 3. Let z be s(0). Let k be y(z). List the prime factors of k*(-1 - (-4)/12).
2, 19
Suppose -2440 = -30*q + 26*q. What are the prime factors of q?
2, 5, 61
Suppose -i + 3*k - 44 = 0, -3*k - 18 = -2*i - 106. Let j = i - -92. Suppose -6*p = 12 - j. What are the prime factors of p?
2, 3
Suppose -2*r + 20 = -w, -2*w - 2*w - 4*r - 32 = 0. Let s be (1/(-4))/(1/w). Suppose -s*u + 27 = -0*u. What are the prime factors of u?
3
Let h(i) = -80*i + 405. What are the prime factors of h(-30)?
3, 5, 11, 17
Let s be 2 - (9/3 - 3). Let c be -66*(s/(-4) + 0). Suppose -c = -5*t - 0*t - 4*r, 2*r = -6. List the prime factors of t.
3
Suppose -2*z - 13 = 23. What are the prime factors of (-94)/(-5)*(-45)/z?
47
Let y(u) = 19*u**2 - 5*u - 25. What are the prime factors of y(11)?
7, 317
Suppose 3*z + 103 = 2*z. What are the prime factors of (2 - 1)/1*0 - z?
103
Let d(j) = j**3 + 9*j**2 + 6*j + 7. Suppose 21 = -39*c + 36*c. What are the prime factors of d(c)?
3, 7
Let b be (-1*2 - -1) + 5. Suppose 3 = 3*h - 3, 0 = -i - 5*h + 13. Suppose 13 = b*z - i. What are the prime factors of z?
2
Suppose 29*o - 84521 = -5699. What are the prime factors of o?
2, 3, 151
Let f be (-49)/(-7) - (-4 + 1). Let m = f - 6. Suppose -4*r + 2*r - 54 = -m*o, -2*o + 7 = -5*r. What are the prime factors of o?
2
Suppose -65*a = -67*a - 42. Let s(u) = u**3 + 20*u**2 - 22*u - 16. List the pr